 What is the tens digit of m?
3
Suppose -58 = -2*x - h - h, 4*x = h + 111. What is the tens digit of x?
2
Let x be -1 + (2 - (0 - -1)). Suppose x = -2*c + 2 + 6. Let z = 0 + c. What is the units digit of z?
4
Let s(i) = i**3 + i**2 - 4*i - 3. Let h be s(-2). Suppose -2*z = 3*y - h - 19, 0 = 4*z - 5*y - 84. Suppose 3*w = w + z. What is the units digit of w?
8
Let b(y) = -5*y**3 + 2*y + 1. Let p be b(-1). Let f be -2 + 0 - (p - 3). Let h = 4 + f. What is the units digit of h?
1
What is the units digit of 12/18 + (-10)/(-3)?
4
What is the units digit of (7 - 6) + (1 - -60)?
2
Suppose -2 = -2*q + 40. What is the tens digit of q?
2
Let g = 0 - -5. Suppose -g*o + 10 = i, 5*i + 5*o - 10 = 20. Suppose w - i = -4. What is the units digit of w?
1
Suppose 5*z = 58 + 57. What is the units digit of z?
3
What is the tens digit of (4/(-5))/((-1)/50)?
4
Let c(w) = -w + 6. Suppose -2*v + 12 = -0. Suppose 2*u + 20 = v*u. What is the units digit of c(u)?
1
Let q(z) = 9*z**3 + 6*z**2 - 9*z + 9. Let r(t) = 5*t**3 + 3*t**2 - 5*t + 5. Let o(l) = 4*q(l) - 7*r(l). What is the units digit of o(-2)?
7
Let n(w) = -3*w**3 - w**2 + 3*w**3 + w + w**3 - 2. Let d = 5 - 3. What is the units digit of n(d)?
4
Suppose -18 = 2*q - 2*g, 5*q + 0*g + 17 = -2*g. Let f = q - -7. What is the tens digit of f/(-3) + 64/6?
1
Let y be ((-2)/4)/((-11)/22). What is the units digit of (-3 + 1)/(y/(-10))?
0
Let p be -4*(-3 + 2) + -1. Suppose -1 = -p*i - 5*f, -5 = -2*i - i - f. What is the units digit of i?
2
Let c(g) = 7*g. Let b be c(8). Let h = b - 78. Let p = h - -44. What is the units digit of p?
2
Let v(b) = 74*b - 2. Let j be v(-3). Let a be j/36 - (-2)/9. What is the units digit of (a/(-2))/((-6)/(-8))?
4
Let k(t) = 7*t**2 - 14*t + 13. Let u(j) = 3*j**2 - 7*j + 6. Let s(f) = -2*k(f) + 5*u(f). What is the units digit of s(7)?
4
Let u(n) = 102*n**2 + n. What is the tens digit of u(-1)?
0
Let r(l) = -l**3 - 5*l**2 + l + 5. Let a be r(-5). Suppose -3*y + 13 = -3*j - 53, a = -y - 4*j + 7. What is the tens digit of y?
1
Suppose 3*s + 12 = 5*m, -m - 2 = s + 2. Suppose 2*r - 6 = -3*v, 0 = -m*r + r + 4*v + 2. Suppose 0 = -5*t + r*t - 1. What is the units digit of t?
1
Let b(k) = k - 7. Let w be b(0). Let m = -5 - w. Suppose f - 6*f = 5*n - 30, -m*n - 5*f + 21 = 0. What is the units digit of n?
3
Let k = 99 + 173. What is the tens digit of k?
7
Let y(k) = k**2 - k - 5. Let m be y(6). Let g = m - 12. What is the units digit of g?
3
Let b be 2/9 + (-125)/(-45). Suppose 5*h = -0*h + b*d + 275, 5*h = d + 285. What is the tens digit of h?
5
Let v(l) = l**2 + 2*l - 5. Let i be v(-4). Suppose 3*o - h + i*h - 16 = 0, 4*o - 13 = -h. What is the units digit of o?
2
Suppose -516 = 43*g - 46*g. What is the tens digit of g?
7
Let k(h) = -h**3 - 3*h**2 + 6*h - 3. Suppose 3*z = -5*d - 20, 0 = 3*d - 0*d + 3. What is the tens digit of k(z)?
1
Suppose 27 - 135 = -2*q. Suppose 5*r - q + 9 = 0. What is the units digit of r?
9
Let g(a) = -a - 8. Let h be g(-13). Suppose 17 = -3*m + 2, h*f - 95 = -m. What is the units digit of f?
0
Suppose 2*l - 5*l + 144 = 0. What is the units digit of l?
8
Suppose -5*s - 23 = 82. Let k be (-27)/s + 4/(-14). Let p(v) = 3*v**2 - 2*v + 1. What is the units digit of p(k)?
2
Let d = 14 + -10. Suppose -d*u = -52 - 40. What is the units digit of u?
3
Suppose 2*t + 146 = 3*t. What is the tens digit of t?
4
Let m be 0 + 3/(6/4). Let p = -3 + -1. What is the units digit of m/(-8)*p/1?
1
Let r be 4/(1 - 3)*-1. Let i be 2/((-2)/(16*r)). Let a = -19 - i. What is the tens digit of a?
1
What is the units digit of 38/(1 + 0) + -4?
4
Suppose 7*n = -24 + 220. What is the tens digit of n?
2
Let a = -21 + 39. What is the units digit of a?
8
Let o be (25 - 2)*1 + 3. Let r = o - 5. What is the units digit of r?
1
Let u(k) = -2*k**3 + k**2 + k + 1. Let g be u(2). What is the tens digit of (-8)/(((-3)/(-1))/g)?
2
Suppose 40 = -f + 2*f. What is the units digit of (-12)/(-8)*f/6?
0
Let c(z) be the first derivative of z**4/4 + z**3 - 3*z**2/2 - 2*z - 2. Let t(p) = -p**2 - p. Let a(d) = c(d) - 2*t(d). What is the units digit of a(-5)?
3
Let p be (-2)/4*-6 - -1. Let c(w) = w**2 + 8. Let f be c(0). Suppose b + 16 = -p*j + 49, -j - f = -3*b. What is the units digit of j?
7
What is the hundreds digit of (-41)/(-2)*(-16)/8*-3?
1
Let b = -9 - -25. Suppose -q + b = 3*q. What is the units digit of (q/(-2) + -7)/(-1)?
9
What is the units digit of 43 + (-20)/(-5) + -1?
6
Let s = -39 + 73. What is the units digit of s?
4
Let c(w) = -w + 2. Let x be c(0). Suppose -x*q + 10 + 4 = 0. What is the units digit of q?
7
Let y(g) = g**2 - 3*g - 1. Let f be y(5). What is the tens digit of (84/f)/((-4)/(-6))?
1
Let u be (49 + 1)*2/4. Let w(p) = 1. Let t(b) = 5*b + 25. Let z(c) = u*w(c) - t(c). What is the units digit of z(-1)?
5
Let b(r) = r**3 + 7*r**2 + 4*r + 1. Let o be b(-6). Let l = o + -7. Suppose a - l = 9. What is the units digit of a?
5
Suppose -3*g = -6*g + 9. Suppose -4*p - 13 = g. What is the units digit of 4*((-6)/p)/3?
2
Let n(a) = -1. Let j(p) = 4*p**3 + p**2 - 6. Let r(s) = -j(s) + 5*n(s). What is the tens digit of r(-2)?
2
Let y = 4 - 2. What is the units digit of (-765)/(-36) + y/(-8)?
1
Let o be ((-8)/(-6))/((-1)/3). Let n = o - -7. What is the units digit of n?
3
What is the tens digit of (3 - (-27 - 2)) + -2?
3
Suppose u = 5*u - 240. Suppose -5*y = -3*y - u. What is the tens digit of y?
3
What is the tens digit of (-88)/(-308) + (-404)/(-7)?
5
Suppose -2*w = -7 + 3. What is the tens digit of w/10 + (-447)/(-15)?
3
Suppose -2*h - 199 = -555. What is the units digit of h?
8
Suppose -3*j = -4*n + 662, -3*n - n = 4*j - 676. What is the hundreds digit of n?
1
Let p(m) = 5*m**3 - m. Suppose 4 = n + f, 5*f + 6 = -n + 6*f. Let k be p(n). Let l = k - -10. What is the units digit of l?
6
Suppose 0 = 3*k - k - 4*o - 68, k - 3*o = 35. What is the tens digit of k?
3
Let w = 1 - 5. Let s = w - -7. What is the units digit of (s/(-2))/(1/(-2))?
3
Let j be 192/9*3/2. Suppose 0 = -f + 5*f - j. Suppose 14 = 3*c - 4*w, f = 2*c - 2*w - w. What is the tens digit of c?
1
Let u(l) be the first derivative of 3*l**2/2 - 7*l - 4. What is the units digit of u(9)?
0
Suppose 0 = -3*n - n + 192. What is the units digit of n?
8
Let i be (0 - 1) + (1 - 4). Suppose 0 = -2*n - 3*n + 150. What is the tens digit of n/(2 - (-2)/i)?
2
Let p be (3/9)/(3/27). Suppose -p*g + 24 = -5*w, 0*g - 5*w - 16 = -2*g. What is the units digit of g?
8
Suppose 5 = -3*s + 2. Let x be 3*(0 + s/3). Let b = 8 - x. What is the units digit of b?
9
Suppose -6*y = -y + 45. What is the tens digit of y - -8 - (-1 - 11)?
1
Suppose -12*k = -15*k + 150. What is the units digit of k?
0
Let v = -1 + 35. Let n = v + -8. Let o = n + -13. What is the tens digit of o?
1
Let d = 533 + -381. What is the hundreds digit of d?
1
What is the units digit of (-2)/(-10) - ((-624)/30 + -3)?
4
Suppose 2*t + 13 = 3*u + 1, 5*u - 5*t = 20. What is the units digit of u?
4
Let b(z) be the first derivative of -13*z**2/2 - 3*z + 8. What is the tens digit of b(-4)?
4
Let c(o) = 3*o - 3. Let h = 1 - -17. Let s be 42/h + (-4)/(-6). What is the units digit of c(s)?
6
Let y(a) = a**2 + 4*a + 2. Suppose -3*d = 6 + 6. Let v be y(d). What is the units digit of 1 - -2 - v/(-2)?
4
Let n(i) = -i**3 + 11*i**2 - 10*i + 5. Let g be n(10). Suppose -g*l = -1 - 49. Suppose 3*j + m = 17 + l, -4*j + 26 = -2*m. What is the units digit of j?
8
Let f = -36 + 84. What is the tens digit of f?
4
Suppose 0 = -0*k - 4*k - 32. What is the units digit of k*(-5)/((-10)/(-6))?
4
Let z(d) = -d**3 - 2*d - 1. Suppose 3 = -f + 3*y, -16 = -5*f - 5*y + 9. Let v(s) = -s**2 + 2*s + 2. Let n be v(f). What is the units digit of z(n)?
2
What is the tens digit of -3 + 5 + -2 - -16*4?
6
Let f = -21 + 15. Let r be f/3 - (-11 - -2). Let g = r - 3. What is the units digit of g?
4
Let o = -28 - 96. What is the units digit of o/(-6) - 1/(-3)?
1
Let f(d) = -2 - 2*d + d - d. Let v be f(-3). Suppose -1 = -k - u + 10, -v = -4*k + 4*u. What is the units digit of k?
6
Suppose f - 5*m - 52 = -8, 0 = 5*f + 4*m - 278. What is the units digit of f?
4
Let c(k) = k - 4. Let x be c(4). Suppose 4*w + w + 4*n - 26 = x, 3*w - 2 = n. What is the units digit of w?
2
What is the tens digit of (2504/32)/((-2)/(-8))?
1
Let z = 8 + 17. Let x = 46 - z. What is the ten